{"id":512,"date":"2023-10-21T18:50:29","date_gmt":"2023-10-21T16:50:29","guid":{"rendered":"https:\/\/xn--bernard-paquereau-crivain-sic.store\/?page_id=512"},"modified":"2023-12-18T18:10:00","modified_gmt":"2023-12-18T17:10:00","slug":"les-hommes-de-paix","status":"publish","type":"page","link":"https:\/\/xn--bernard-paquereau-crivain-sic.store\/?page_id=512","title":{"rendered":"Les Hommes de paix"},"content":{"rendered":"\t\t<div data-elementor-type=\"wp-page\" data-elementor-id=\"512\" class=\"elementor elementor-512\">\n\t\t\t\t\t\t\t<div class=\"elementor-element elementor-element-d47559d e-flex e-con-boxed e-con e-parent\" data-id=\"d47559d\" data-element_type=\"container\" data-settings=\"{&quot;content_width&quot;:&quot;boxed&quot;}\" data-core-v316-plus=\"true\">\n\t\t\t\t\t<div class=\"e-con-inner\">\n\t\t\t\t<div class=\"elementor-element elementor-element-7ed63f1 elementor-widget elementor-widget-heading\" data-id=\"7ed63f1\" data-element_type=\"widget\" data-widget_type=\"heading.default\">\n\t\t\t\t<div class=\"elementor-widget-container\">\n\t\t\t<style>\/*! elementor - v3.16.0 - 20-09-2023 *\/\n.elementor-heading-title{padding:0;margin:0;line-height:1}.elementor-widget-heading .elementor-heading-title[class*=elementor-size-]>a{color:inherit;font-size:inherit;line-height:inherit}.elementor-widget-heading .elementor-heading-title.elementor-size-small{font-size:15px}.elementor-widget-heading .elementor-heading-title.elementor-size-medium{font-size:19px}.elementor-widget-heading .elementor-heading-title.elementor-size-large{font-size:29px}.elementor-widget-heading .elementor-heading-title.elementor-size-xl{font-size:39px}.elementor-widget-heading .elementor-heading-title.elementor-size-xxl{font-size:59px}<\/style><h2 class=\"elementor-heading-title elementor-size-default\">Eduquer \u00e0 la non-violence<\/h2>\t\t<\/div>\n\t\t\t\t<\/div>\n\t\t\t\t\t<\/div>\n\t\t\t\t<\/div>\n\t\t<div class=\"elementor-element elementor-element-cadb80c e-flex e-con-boxed e-con e-parent\" data-id=\"cadb80c\" data-element_type=\"container\" data-settings=\"{&quot;content_width&quot;:&quot;boxed&quot;}\" data-core-v316-plus=\"true\">\n\t\t\t\t\t<div class=\"e-con-inner\">\n\t\t<div class=\"elementor-element elementor-element-68be6db e-con-full e-flex e-con e-child\" data-id=\"68be6db\" data-element_type=\"container\" data-settings=\"{&quot;content_width&quot;:&quot;full&quot;}\">\n\t\t\t\t<div class=\"elementor-element elementor-element-ca250e9 elementor-widget elementor-widget-image\" data-id=\"ca250e9\" data-element_type=\"widget\" data-widget_type=\"image.default\">\n\t\t\t\t<div class=\"elementor-widget-container\">\n\t\t\t<style>\/*! elementor - v3.16.0 - 20-09-2023 *\/\n.elementor-widget-image{text-align:center}.elementor-widget-image a{display:inline-block}.elementor-widget-image a img[src$=\".svg\"]{width:48px}.elementor-widget-image img{vertical-align:middle;display:inline-block}<\/style>\t\t\t\t\t\t\t\t\t\t\t\t<img decoding=\"async\" loading=\"lazy\" width=\"400\" height=\"500\" src=\"https:\/\/xn--bernard-paquereau-crivain-sic.store\/wp-content\/uploads\/2023\/12\/Eduquer-a-la-non-violence-decouvrir-les-grandes-figures-de-paix.jpg\" class=\"attachment-large size-large wp-image-1069\" alt=\"\" srcset=\"https:\/\/xn--bernard-paquereau-crivain-sic.store\/wp-content\/uploads\/2023\/12\/Eduquer-a-la-non-violence-decouvrir-les-grandes-figures-de-paix.jpg 400w, https:\/\/xn--bernard-paquereau-crivain-sic.store\/wp-content\/uploads\/2023\/12\/Eduquer-a-la-non-violence-decouvrir-les-grandes-figures-de-paix-240x300.jpg 240w\" sizes=\"(max-width: 400px) 100vw, 400px\" \/>\t\t\t\t\t\t\t\t\t\t\t\t\t\t\t<\/div>\n\t\t\t\t<\/div>\n\t\t\t\t<\/div>\n\t\t<div class=\"elementor-element elementor-element-f5301ea e-con-full e-flex e-con e-child\" data-id=\"f5301ea\" data-element_type=\"container\" data-settings=\"{&quot;content_width&quot;:&quot;full&quot;}\">\n\t\t\t\t<div class=\"elementor-element elementor-element-c9f645f elementor-widget elementor-widget-text-editor\" data-id=\"c9f645f\" data-element_type=\"widget\" data-widget_type=\"text-editor.default\">\n\t\t\t\t<div class=\"elementor-widget-container\">\n\t\t\t<style>\/*! elementor - v3.16.0 - 20-09-2023 *\/\n.elementor-widget-text-editor.elementor-drop-cap-view-stacked .elementor-drop-cap{background-color:#69727d;color:#fff}.elementor-widget-text-editor.elementor-drop-cap-view-framed .elementor-drop-cap{color:#69727d;border:3px solid;background-color:transparent}.elementor-widget-text-editor:not(.elementor-drop-cap-view-default) .elementor-drop-cap{margin-top:8px}.elementor-widget-text-editor:not(.elementor-drop-cap-view-default) .elementor-drop-cap-letter{width:1em;height:1em}.elementor-widget-text-editor .elementor-drop-cap{float:left;text-align:center;line-height:1;font-size:50px}.elementor-widget-text-editor .elementor-drop-cap-letter{display:inline-block}<\/style>\t\t\t\t<p>Ce livre que l\u2019on peut d\u00e9couvrir seul ou qu\u2019un animateur peut proposer \u00e0 un groupe (classe, s\u00e9minaire, \u2026) constitue presque un tour d\u2019horizon exhaustif des personnes qui sur tous les continents ont contribu\u00e9 \u00e0 semer la paix, soit par leur philosophie, soit par des actions r\u00e9solument porteuses de la dignit\u00e9 humaine ou encourageant la r\u00e9solution des conflits par la non-violence<\/p><p>Une premi\u00e8re partie vous fera d\u00e9couvrir trente de ces figures de paix : Gandhi, Martin Luther King, s\u0153ur Teresa mais aussi de moins connues telles que C\u00e9sar Chavez, Jacques de la Bollardi\u00e8re, Rigoberta Menchu Tum, \u2026. Des noms-images de<span style=\"color: #ff6600;\"><strong> Philippe Garand<\/strong> <\/span>illustrent de fa\u00e7on ludique ces pages.<\/p>\t\t\t\t\t\t<\/div>\n\t\t\t\t<\/div>\n\t\t\t\t<div class=\"elementor-element elementor-element-f34f0ab elementor-widget elementor-widget-text-editor\" data-id=\"f34f0ab\" data-element_type=\"widget\" data-widget_type=\"text-editor.default\">\n\t\t\t\t<div class=\"elementor-widget-container\">\n\t\t\t\t\t\t\t<p>Code ISBN :\u00a0<\/p><p>Prix : 12 euros<\/p><p>Editeur : Chronique sociale et Couleurs livres<\/p>\t\t\t\t\t\t<\/div>\n\t\t\t\t<\/div>\n\t\t\t\t<div class=\"elementor-element elementor-element-5955c25 elementor-align-center elementor-widget elementor-widget-button\" data-id=\"5955c25\" data-element_type=\"widget\" data-widget_type=\"button.default\">\n\t\t\t\t<div class=\"elementor-widget-container\">\n\t\t\t\t\t<div class=\"elementor-button-wrapper\">\n\t\t\t<a class=\"elementor-button elementor-button-link elementor-size-sm\" href=\"#\">\n\t\t\t\t\t\t<span class=\"elementor-button-content-wrapper\">\n\t\t\t\t\t\t<span class=\"elementor-button-text\">Je commande <\/span>\n\t\t<\/span>\n\t\t\t\t\t<\/a>\n\t\t<\/div>\n\t\t\t\t<\/div>\n\t\t\t\t<\/div>\n\t\t\t\t<\/div>\n\t\t\t\t\t<\/div>\n\t\t\t\t<\/div>\n\t\t<div class=\"elementor-element elementor-element-fc8218f e-flex e-con-boxed e-con e-parent\" data-id=\"fc8218f\" data-element_type=\"container\" data-settings=\"{&quot;content_width&quot;:&quot;boxed&quot;}\" data-core-v316-plus=\"true\">\n\t\t\t\t\t<div class=\"e-con-inner\">\n\t\t<div class=\"elementor-element elementor-element-c30e8ec e-con-full e-flex e-con e-child\" data-id=\"c30e8ec\" data-element_type=\"container\" data-settings=\"{&quot;content_width&quot;:&quot;full&quot;}\">\n\t\t\t\t<div class=\"elementor-element elementor-element-dee960c elementor-widget elementor-widget-image\" data-id=\"dee960c\" data-element_type=\"widget\" data-widget_type=\"image.default\">\n\t\t\t\t<div class=\"elementor-widget-container\">\n\t\t\t\t\t\t\t\t\t\t\t\t\t\t\t<img decoding=\"async\" loading=\"lazy\" width=\"967\" height=\"1024\" src=\"https:\/\/xn--bernard-paquereau-crivain-sic.store\/wp-content\/uploads\/2023\/12\/Wresinskicouleur-967x1024.jpg\" class=\"attachment-large size-large wp-image-1111\" alt=\"\" srcset=\"https:\/\/xn--bernard-paquereau-crivain-sic.store\/wp-content\/uploads\/2023\/12\/Wresinskicouleur-967x1024.jpg 967w, https:\/\/xn--bernard-paquereau-crivain-sic.store\/wp-content\/uploads\/2023\/12\/Wresinskicouleur-283x300.jpg 283w, https:\/\/xn--bernard-paquereau-crivain-sic.store\/wp-content\/uploads\/2023\/12\/Wresinskicouleur-768x813.jpg 768w, https:\/\/xn--bernard-paquereau-crivain-sic.store\/wp-content\/uploads\/2023\/12\/Wresinskicouleur-600x635.jpg 600w, https:\/\/xn--bernard-paquereau-crivain-sic.store\/wp-content\/uploads\/2023\/12\/Wresinskicouleur.jpg 1004w\" sizes=\"(max-width: 967px) 100vw, 967px\" \/>\t\t\t\t\t\t\t\t\t\t\t\t\t\t\t<\/div>\n\t\t\t\t<\/div>\n\t\t\t\t<\/div>\n\t\t<div class=\"elementor-element elementor-element-6b0008a e-con-full e-flex e-con e-child\" data-id=\"6b0008a\" data-element_type=\"container\" data-settings=\"{&quot;content_width&quot;:&quot;full&quot;}\">\n\t\t\t\t<div class=\"elementor-element elementor-element-7cf0309 elementor-widget elementor-widget-text-editor\" data-id=\"7cf0309\" data-element_type=\"widget\" data-widget_type=\"text-editor.default\">\n\t\t\t\t<div class=\"elementor-widget-container\">\n\t\t\t\t\t\t\t<p>Le p\u00e8re <strong>Wr\u00e9sinski<\/strong> (1917-1988)<br \/>La douceur angevine ne l\u2019est pas pour tous\u2026 Tu naquis en 1917 dans un<br \/>quartier d\u00e9favoris\u00e9 d\u2019Angers, coinc\u00e9 entre une m\u00e8re espagnole tr\u00e8s pieuse<br \/>et un p\u00e8re polonais \u00ab autoritariste \u00bb. Alors que tu \u00e9tais tout petit, il baissa les<br \/>bras pour plier les voiles. D\u00e8s l\u2019\u00e2ge de quatre ans, petit Joseph, il te fallut<br \/>servir la messe chez les religieuses du Bon-Pasteur, contre quelques pi\u00e8ces,<br \/>du pain et un petit d\u00e9jeuner. Les ann\u00e9es pass\u00e8rent\u2026 La vie m\u00e8ne son chemin. Le certificat d\u2019\u00e9tude, l\u2019apprentissage chez un p\u00e2tissier, le militantisme<br \/>\u00e0 la Jeunesse Ouvri\u00e8re Chr\u00e9tienne. Et l\u2019enfant de la rue entra au s\u00e9minaire\u2026<br \/>Tu trempas les l\u00e8vres au vase de la pr\u00eatrise en 1946, \u00e0 Soissons. Aussit\u00f4t,<br \/>tu devins pr\u00eatre-ouvrier dans les mines du Nord, \u00e0 plein souffle. Trop. Le<br \/>sanatorium trois ans plus tard. Bient\u00f4t quelques paroisses ouvri\u00e8res et<br \/>rurales dans l\u2019Aisne. Grand tournant en 1956, ton \u00e9v\u00eaque te proposa de rallier un camp de sans-logis, \u00e0 Noisy-Le-Grand, l\u00e0 o\u00f9 \u0153uvrait cet Abb\u00e9<br \/>Pierre si diff\u00e9rent de toi par ses origines et son temp\u00e9rament. L\u00e0 tout le<br \/>petit peuple de la mis\u00e8re, 252 familles, \u00e9tait entass\u00e9. \u00ab Un jour, il faudra<br \/>ccompagner ce petite peuple dans la travers\u00e9e du d\u00e9sert, le faire gravir les<br \/>marches du Vatican, de l\u2019ONU, du Trocad\u00e9ro&#8230; \u00bb<\/p>\t\t\t\t\t\t<\/div>\n\t\t\t\t<\/div>\n\t\t\t\t<\/div>\n\t\t\t\t\t<\/div>\n\t\t\t\t<\/div>\n\t\t\t\t\t\t\t<\/div>\n\t\t","protected":false},"excerpt":{"rendered":"<p>Eduquer \u00e0 la non-violence Ce livre que l\u2019on peut d\u00e9couvrir seul ou qu\u2019un animateur peut proposer \u00e0 un groupe (classe, s\u00e9minaire, \u2026) constitue presque un tour d\u2019horizon exhaustif des personnes qui sur tous les continents ont contribu\u00e9 \u00e0 semer la paix, soit par leur philosophie, soit par des actions r\u00e9solument porteuses de la dignit\u00e9 humaine &hellip;<\/p>\n<p class=\"read-more\"> <a class=\"\" href=\"https:\/\/xn--bernard-paquereau-crivain-sic.store\/?page_id=512\"> <span class=\"screen-reader-text\">Les Hommes de paix<\/span> Read More &raquo;<\/a><\/p>\n","protected":false},"author":1,"featured_media":0,"parent":0,"menu_order":0,"comment_status":"closed","ping_status":"closed","template":"","meta":{"site-sidebar-layout":"no-sidebar","site-content-layout":"","ast-site-content-layout":"full-width-container","site-content-style":"default","site-sidebar-style":"default","ast-global-header-display":"","ast-banner-title-visibility":"","ast-main-header-display":"","ast-hfb-above-header-display":"","ast-hfb-below-header-display":"","ast-hfb-mobile-header-display":"","site-post-title":"disabled","ast-breadcrumbs-content":"","ast-featured-img":"disabled","footer-sml-layout":"","theme-transparent-header-meta":"","adv-header-id-meta":"","stick-header-meta":"","header-above-stick-meta":"","header-main-stick-meta":"","header-below-stick-meta":"","astra-migrate-meta-layouts":"","footnotes":""},"aioseo_notices":[],"_links":{"self":[{"href":"https:\/\/xn--bernard-paquereau-crivain-sic.store\/index.php?rest_route=\/wp\/v2\/pages\/512"}],"collection":[{"href":"https:\/\/xn--bernard-paquereau-crivain-sic.store\/index.php?rest_route=\/wp\/v2\/pages"}],"about":[{"href":"https:\/\/xn--bernard-paquereau-crivain-sic.store\/index.php?rest_route=\/wp\/v2\/types\/page"}],"author":[{"embeddable":true,"href":"https:\/\/xn--bernard-paquereau-crivain-sic.store\/index.php?rest_route=\/wp\/v2\/users\/1"}],"replies":[{"embeddable":true,"href":"https:\/\/xn--bernard-paquereau-crivain-sic.store\/index.php?rest_route=%2Fwp%2Fv2%2Fcomments&post=512"}],"version-history":[{"count":26,"href":"https:\/\/xn--bernard-paquereau-crivain-sic.store\/index.php?rest_route=\/wp\/v2\/pages\/512\/revisions"}],"predecessor-version":[{"id":1126,"href":"https:\/\/xn--bernard-paquereau-crivain-sic.store\/index.php?rest_route=\/wp\/v2\/pages\/512\/revisions\/1126"}],"wp:attachment":[{"href":"https:\/\/xn--bernard-paquereau-crivain-sic.store\/index.php?rest_route=%2Fwp%2Fv2%2Fmedia&parent=512"}],"curies":[{"name":"wp","href":"https:\/\/api.w.org\/{rel}","templated":true}]}}